{"id":369,"date":"2022-07-14T17:16:44","date_gmt":"2022-07-14T17:16:44","guid":{"rendered":"https:\/\/zweirad-scheune.de\/?page_id=369"},"modified":"2022-07-14T17:28:17","modified_gmt":"2022-07-14T17:28:17","slug":"mobiler-fahrradverleih","status":"publish","type":"page","link":"https:\/\/zweirad-scheune.de\/?page_id=369","title":{"rendered":"Mobiler Fahrradverleih"},"content":{"rendered":"\n<div class=\"wp-block-columns is-layout-flex wp-container-3\">\n<div class=\"wp-block-column is-layout-flow\" style=\"flex-basis:66.66%\">\n<figure class=\"wp-block-image size-large\"><img decoding=\"async\" loading=\"lazy\" width=\"1024\" height=\"721\" src=\"https:\/\/zweirad-scheune.de\/wp-content\/uploads\/2022\/07\/Team-Zweiradscheune-Flyer-Fahrradverleih-Vorderseite-1024x721.jpg\" alt=\"Flyer Vorderseite Fahrradverleih Team Zweiradscheune\" class=\"wp-image-438\" srcset=\"https:\/\/zweirad-scheune.de\/wp-content\/uploads\/2022\/07\/Team-Zweiradscheune-Flyer-Fahrradverleih-Vorderseite-1024x721.jpg 1024w, https:\/\/zweirad-scheune.de\/wp-content\/uploads\/2022\/07\/Team-Zweiradscheune-Flyer-Fahrradverleih-Vorderseite-300x211.jpg 300w, https:\/\/zweirad-scheune.de\/wp-content\/uploads\/2022\/07\/Team-Zweiradscheune-Flyer-Fahrradverleih-Vorderseite-768x541.jpg 768w, https:\/\/zweirad-scheune.de\/wp-content\/uploads\/2022\/07\/Team-Zweiradscheune-Flyer-Fahrradverleih-Vorderseite-1536x1081.jpg 1536w, https:\/\/zweirad-scheune.de\/wp-content\/uploads\/2022\/07\/Team-Zweiradscheune-Flyer-Fahrradverleih-Vorderseite-2048x1441.jpg 2048w, https:\/\/zweirad-scheune.de\/wp-content\/uploads\/2022\/07\/Team-Zweiradscheune-Flyer-Fahrradverleih-Vorderseite-920x647.jpg 920w, https:\/\/zweirad-scheune.de\/wp-content\/uploads\/2022\/07\/Team-Zweiradscheune-Flyer-Fahrradverleih-Vorderseite-230x162.jpg 230w, https:\/\/zweirad-scheune.de\/wp-content\/uploads\/2022\/07\/Team-Zweiradscheune-Flyer-Fahrradverleih-Vorderseite-350x246.jpg 350w, https:\/\/zweirad-scheune.de\/wp-content\/uploads\/2022\/07\/Team-Zweiradscheune-Flyer-Fahrradverleih-Vorderseite-480x338.jpg 480w\" sizes=\"(max-width: 1024px) 100vw, 1024px\" \/><\/figure>\n<\/div>\n\n\n\n<div class=\"wp-block-column is-layout-flow\" style=\"flex-basis:33.33%\">\n<p><strong>Alles ist m\u00f6glich!<\/strong><\/p>\n\n\n\n<p>Egal ob E-Bike, Tourenrad oder Mountainbike, bei uns bekommen sie was sie suchen. Ob f\u00fcr einen kurzen Zeitraum oder doch f\u00fcr den ganzen Urlaub. Alles ist m\u00f6glich.<\/p>\n\n\n\n<p><strong>Preis\u00fcbersicht<\/strong><\/p>\n\n\n\n<p>26&#8243; &#8211; 28&#8243;: <strong>15 EUR<\/strong><br>E-Bike: ab <strong>25 EUR<\/strong><br>Mountainbikes, Trekkingr\u00e4der, Tandems, Kinderr\u00e4der und Anh\u00e4nger: <strong>Preise auf Anfrage.<\/strong><\/p>\n\n\n\n<p class=\"has-small-font-size\"><br><\/p>\n<\/div>\n<\/div>\n","protected":false},"excerpt":{"rendered":"<p>Alles ist m\u00f6glich! Egal ob E-Bike, Tourenrad oder Mountainbike, bei uns bekommen sie was sie suchen. Ob f\u00fcr einen kurzen Zeitraum oder [&hellip;]<\/p>\n","protected":false},"author":1,"featured_media":438,"parent":0,"menu_order":0,"comment_status":"closed","ping_status":"closed","template":"","meta":[],"_links":{"self":[{"href":"https:\/\/zweirad-scheune.de\/index.php?rest_route=\/wp\/v2\/pages\/369"}],"collection":[{"href":"https:\/\/zweirad-scheune.de\/index.php?rest_route=\/wp\/v2\/pages"}],"about":[{"href":"https:\/\/zweirad-scheune.de\/index.php?rest_route=\/wp\/v2\/types\/page"}],"author":[{"embeddable":true,"href":"https:\/\/zweirad-scheune.de\/index.php?rest_route=\/wp\/v2\/users\/1"}],"replies":[{"embeddable":true,"href":"https:\/\/zweirad-scheune.de\/index.php?rest_route=%2Fwp%2Fv2%2Fcomments&post=369"}],"version-history":[{"count":10,"href":"https:\/\/zweirad-scheune.de\/index.php?rest_route=\/wp\/v2\/pages\/369\/revisions"}],"predecessor-version":[{"id":448,"href":"https:\/\/zweirad-scheune.de\/index.php?rest_route=\/wp\/v2\/pages\/369\/revisions\/448"}],"wp:featuredmedia":[{"embeddable":true,"href":"https:\/\/zweirad-scheune.de\/index.php?rest_route=\/wp\/v2\/media\/438"}],"wp:attachment":[{"href":"https:\/\/zweirad-scheune.de\/index.php?rest_route=%2Fwp%2Fv2%2Fmedia&parent=369"}],"curies":[{"name":"wp","href":"https:\/\/api.w.org\/{rel}","templated":true}]}}

<div class="wp-block-columns is-layout-flex wp-container-3">
<div class="wp-block-column is-layout-flow" style="flex-basis:66.66%">
<figure class="wp-block-image size-large"><img decoding="async" loading="lazy" width="1024" height="721" src="https://zweirad-scheune.de/wp-content/uploads/2022/07/Team-Zweiradscheune-Flyer-Fahrradverleih-Vorderseite-1024x721.jpg" alt="Flyer Vorderseite Fahrradverleih Team Zweiradscheune" class="wp-image-438" srcset="https://zweirad-scheune.de/wp-content/uploads/2022/07/Team-Zweiradscheune-Flyer-Fahrradverleih-Vorderseite-1024x721.jpg 1024w, https://zweirad-scheune.de/wp-content/uploads/2022/07/Team-Zweiradscheune-Flyer-Fahrradverleih-Vorderseite-300x211.jpg 300w, https://zweirad-scheune.de/wp-content/uploads/2022/07/Team-Zweiradscheune-Flyer-Fahrradverleih-Vorderseite-768x541.jpg 768w, https://zweirad-scheune.de/wp-content/uploads/2022/07/Team-Zweiradscheune-Flyer-Fahrradverleih-Vorderseite-1536x1081.jpg 1536w, https://zweirad-scheune.de/wp-content/uploads/2022/07/Team-Zweiradscheune-Flyer-Fahrradverleih-Vorderseite-2048x1441.jpg 2048w, https://zweirad-scheune.de/wp-content/uploads/2022/07/Team-Zweiradscheune-Flyer-Fahrradverleih-Vorderseite-920x647.jpg 920w, https://zweirad-scheune.de/wp-content/uploads/2022/07/Team-Zweiradscheune-Flyer-Fahrradverleih-Vorderseite-230x162.jpg 230w, https://zweirad-scheune.de/wp-content/uploads/2022/07/Team-Zweiradscheune-Flyer-Fahrradverleih-Vorderseite-350x246.jpg 350w, https://zweirad-scheune.de/wp-content/uploads/2022/07/Team-Zweiradscheune-Flyer-Fahrradverleih-Vorderseite-480x338.jpg 480w" sizes="(max-width: 1024px) 100vw, 1024px" /></figure>
</div>



<div class="wp-block-column is-layout-flow" style="flex-basis:33.33%">
<p><strong>Alles ist möglich!</strong></p>



<p>Egal ob E-Bike, Tourenrad oder Mountainbike, bei uns bekommen sie was sie suchen. Ob für einen kurzen Zeitraum oder doch für den ganzen Urlaub. Alles ist möglich.</p>



<p><strong>Preisübersicht</strong></p>



<p>26&#8243; &#8211; 28&#8243;: <strong>15 EUR</strong><br>E-Bike: ab <strong>25 EUR</strong><br>Mountainbikes, Trekkingräder, Tandems, Kinderräder und Anhänger: <strong>Preise auf Anfrage.</strong></p>



<p class="has-small-font-size"><br></p>
</div>
</div>

<p>Alles ist möglich! Egal ob E-Bike, Tourenrad oder Mountainbike, bei uns bekommen sie was sie suchen. Ob für einen kurzen Zeitraum oder [&hellip;]</p>
